{"id":26,"date":"2024-05-10T10:35:34","date_gmt":"2024-05-10T10:35:34","guid":{"rendered":"https:\/\/www.pulvanocnibeh.cz\/?page_id=26"},"modified":"2025-01-29T12:19:37","modified_gmt":"2025-01-29T12:19:37","slug":"pulvanocni-beh-olomouci-2024","status":"publish","type":"page","link":"https:\/\/www.pulvanocnibeh.cz\/?page_id=26","title":{"rendered":"P\u016eV\u00c1NO\u010cN\u00cd B\u011aH OLOMOUC\u00cd 2024"},"content":{"rendered":"\n<h1 class=\"wp-block-heading has-text-align-center has-x-large-font-size\">D\u011bkujeme v\u0161em s dobr\u00fdm srdcem, kte\u0159\u00ed se s n\u00e1mi \u00fa\u010dastnili dal\u0161\u00edho ro\u010dn\u00edku t\u00e9to charitativn\u011b- recesistick\u00e9 akce a p\u0159isp\u011bli tak na dobrou v\u011bc.<\/h1>\n\n\n\n<div class=\"wp-block-buttons is-content-justification-center is-layout-flex wp-container-core-buttons-is-layout-a89b3969 wp-block-buttons-is-layout-flex\"><\/div>\n\n\n\n<h2 class=\"wp-block-heading has-text-align-center\">V\u00fdsledky 2024<\/h2>\n\n\n\n<p class=\"has-text-align-center\">P\u0159esto\u017ee bylo obt\u00ed\u017en\u00e9 nav\u00e1zat na tradici po tak dlouh\u00e9 p\u0159est\u00e1vce a na\u0161e o\u010dek\u00e1v\u00e1n\u00ed byly pon\u011bkud vy\u0161\u0161\u00ed, poda\u0159ilo se n\u00e1m p\u0159ekro\u010dit magickou hranici a rozd\u011blit v\u00edce ne\u017e 100 000 K\u010d. <\/p>\n\n\n\n<figure class=\"wp-block-table\"><table><thead><tr><th class=\"has-text-align-center\" data-align=\"center\">Z\u00e1vodn\u00edk\u016f<\/th><th class=\"has-text-align-center\" data-align=\"center\">\u00da\u010dastn\u00edk\u016f<\/th><th class=\"has-text-align-center\" data-align=\"center\">V\u00fdt\u011b\u017eek z akce<\/th><\/tr><\/thead><tbody><tr><td class=\"has-text-align-center\" data-align=\"center\">109 (v\u010detn\u011b neplat\u00edc\u00edch d\u011bt\u00ed)<\/td><td class=\"has-text-align-center\" data-align=\"center\">360<\/td><td class=\"has-text-align-center\" data-align=\"center\">110 197 K\u010d<\/td><\/tr><\/tbody><\/table><\/figure>\n\n\n\n<div class=\"wp-block-group alignfull has-global-padding is-layout-constrained wp-container-core-group-is-layout-490fa1db wp-block-group-is-layout-constrained\" style=\"padding-top:var(--wp--preset--spacing--50);padding-right:var(--wp--preset--spacing--50);padding-bottom:var(--wp--preset--spacing--50);padding-left:var(--wp--preset--spacing--50)\">\n<figure class=\"wp-block-image alignwide size-full is-style-rounded is-style-rounded--1\"><img loading=\"lazy\" decoding=\"async\" width=\"2048\" height=\"1536\" src=\"https:\/\/www.pulvanocnibeh.cz\/wp-content\/uploads\/2025\/01\/1_448163238_769900675295646_2555232212551927227_n.jpg\" alt=\"\" class=\"wp-image-109\" srcset=\"https:\/\/www.pulvanocnibeh.cz\/wp-content\/uploads\/2025\/01\/1_448163238_769900675295646_2555232212551927227_n.jpg 2048w, https:\/\/www.pulvanocnibeh.cz\/wp-content\/uploads\/2025\/01\/1_448163238_769900675295646_2555232212551927227_n-300x225.jpg 300w, https:\/\/www.pulvanocnibeh.cz\/wp-content\/uploads\/2025\/01\/1_448163238_769900675295646_2555232212551927227_n-1024x768.jpg 1024w, https:\/\/www.pulvanocnibeh.cz\/wp-content\/uploads\/2025\/01\/1_448163238_769900675295646_2555232212551927227_n-768x576.jpg 768w, https:\/\/www.pulvanocnibeh.cz\/wp-content\/uploads\/2025\/01\/1_448163238_769900675295646_2555232212551927227_n-1536x1152.jpg 1536w\" sizes=\"auto, (max-width: 2048px) 100vw, 2048px\" \/><\/figure>\n<\/div>\n\n\n\n<p><strong>Detail akce<\/strong><\/p>\n\n\n\n<p>10. \u010dervna 2024 v\u00a017 hodin se uskute\u010dnil dal\u0161\u00ed ro\u010dn\u00edk P\u016flv\u00e1no\u010dn\u00edho B\u011bhu Olomouc\u00ed. Start byl na n\u00e1m\u011bst\u00ed\u010dku vedle kostela sv. Mo\u0159ice a d\u00e1le se &#8222;b\u011b\u017eelo na ly\u017e\u00edch kolem Olomouck\u00e9ho n\u00e1m\u011bst\u00ed. Ofici\u00e1ln\u00edm sportovn\u00edm n\u00e1\u010din\u00edm byly b\u011b\u017eky (jak\u00e9hokoliv st\u00e1\u0159\u00ed), ale b\u011bhu se mohl \u00fa\u010dastnit kdokoliv v\u00a0oble\u010den\u00ed, se zimn\u00edm nebo v\u00e1no\u010dn\u00edm motivem (s\u00e1\u0148ky, boby, brusle, hokejka, &#8230;).<\/p>\n\n\n\n<p>D\u00e9lka trasy byla cca 1 000 metr\u016f a vedla 2x kolem olomouck\u00e9ho n\u00e1m\u011bst\u00ed. C\u00edl je p\u0159ed barem Koktejly a Sny. Startovn\u00e9 \u010dinilo 300 K\u010d (d\u011bti do 12 let v\u00a0doprovodu rodi\u010d\u016f zdarma). V r\u00e1mci startovn\u00e9ho obdr\u017eeli v\u0161ichni \u00fa\u010dastn\u00edci ob\u010derstven\u00ed po cest\u011b a v\u00a0c\u00edli: v\u00e1no\u010dn\u00ed cukrov\u00ed \/ \u0159\u00edzek a bramborov\u00fd sal\u00e1t \/n\u00e1poj.<\/p>\n\n\n\n<p>V c\u00edli byli tak\u00e9 vyhl\u00e1\u0161eni v\u00fdherci sout\u011b\u017e\u00ed o nejlep\u0161\u00ed v\u00e1no\u010dn\u00ed a teamov\u00fd kost\u00fdm.<\/p>\n\n\n\n<figure class=\"wp-block-gallery has-nested-images columns-default is-cropped wp-block-gallery-2 is-layout-flex wp-block-gallery-is-layout-flex\">\n<figure class=\"wp-block-image size-large\"><img loading=\"lazy\" decoding=\"async\" width=\"768\" height=\"1024\" data-id=\"115\" src=\"https:\/\/www.pulvanocnibeh.cz\/wp-content\/uploads\/2025\/01\/2_448014713_769900728628974_4782283116097044080_n-768x1024.jpg\" alt=\"\" class=\"wp-image-115\" srcset=\"https:\/\/www.pulvanocnibeh.cz\/wp-content\/uploads\/2025\/01\/2_448014713_769900728628974_4782283116097044080_n-768x1024.jpg 768w, https:\/\/www.pulvanocnibeh.cz\/wp-content\/uploads\/2025\/01\/2_448014713_769900728628974_4782283116097044080_n-225x300.jpg 225w, https:\/\/www.pulvanocnibeh.cz\/wp-content\/uploads\/2025\/01\/2_448014713_769900728628974_4782283116097044080_n-1152x1536.jpg 1152w, https:\/\/www.pulvanocnibeh.cz\/wp-content\/uploads\/2025\/01\/2_448014713_769900728628974_4782283116097044080_n.jpg 1536w\" sizes=\"auto, (max-width: 768px) 100vw, 768px\" \/><\/figure>\n\n\n\n<figure class=\"wp-block-image size-large\"><img loading=\"lazy\" decoding=\"async\" width=\"768\" height=\"1024\" data-id=\"111\" src=\"https:\/\/www.pulvanocnibeh.cz\/wp-content\/uploads\/2025\/01\/3_448017283_769900738628973_4732144116514553194_n-768x1024.jpg\" alt=\"\" class=\"wp-image-111\" srcset=\"https:\/\/www.pulvanocnibeh.cz\/wp-content\/uploads\/2025\/01\/3_448017283_769900738628973_4732144116514553194_n-768x1024.jpg 768w, https:\/\/www.pulvanocnibeh.cz\/wp-content\/uploads\/2025\/01\/3_448017283_769900738628973_4732144116514553194_n-225x300.jpg 225w, https:\/\/www.pulvanocnibeh.cz\/wp-content\/uploads\/2025\/01\/3_448017283_769900738628973_4732144116514553194_n-1152x1536.jpg 1152w, https:\/\/www.pulvanocnibeh.cz\/wp-content\/uploads\/2025\/01\/3_448017283_769900738628973_4732144116514553194_n.jpg 1536w\" sizes=\"auto, (max-width: 768px) 100vw, 768px\" \/><\/figure>\n\n\n\n<figure class=\"wp-block-image size-large\"><img loading=\"lazy\" decoding=\"async\" width=\"1024\" height=\"768\" data-id=\"116\" src=\"https:\/\/www.pulvanocnibeh.cz\/wp-content\/uploads\/2025\/01\/4_448018859_769900705295643_8661917363553188568_n-1024x768.jpg\" alt=\"\" class=\"wp-image-116\" srcset=\"https:\/\/www.pulvanocnibeh.cz\/wp-content\/uploads\/2025\/01\/4_448018859_769900705295643_8661917363553188568_n-1024x768.jpg 1024w, https:\/\/www.pulvanocnibeh.cz\/wp-content\/uploads\/2025\/01\/4_448018859_769900705295643_8661917363553188568_n-300x225.jpg 300w, https:\/\/www.pulvanocnibeh.cz\/wp-content\/uploads\/2025\/01\/4_448018859_769900705295643_8661917363553188568_n-768x576.jpg 768w, https:\/\/www.pulvanocnibeh.cz\/wp-content\/uploads\/2025\/01\/4_448018859_769900705295643_8661917363553188568_n-1536x1152.jpg 1536w, https:\/\/www.pulvanocnibeh.cz\/wp-content\/uploads\/2025\/01\/4_448018859_769900705295643_8661917363553188568_n.jpg 2048w\" sizes=\"auto, (max-width: 1024px) 100vw, 1024px\" \/><\/figure>\n\n\n\n<figure class=\"wp-block-image size-large\"><img loading=\"lazy\" decoding=\"async\" width=\"735\" height=\"1024\" data-id=\"113\" src=\"https:\/\/www.pulvanocnibeh.cz\/wp-content\/uploads\/2025\/01\/5_IMG_6998-735x1024.jpg\" alt=\"\" class=\"wp-image-113\" srcset=\"https:\/\/www.pulvanocnibeh.cz\/wp-content\/uploads\/2025\/01\/5_IMG_6998-735x1024.jpg 735w, https:\/\/www.pulvanocnibeh.cz\/wp-content\/uploads\/2025\/01\/5_IMG_6998-215x300.jpg 215w, https:\/\/www.pulvanocnibeh.cz\/wp-content\/uploads\/2025\/01\/5_IMG_6998-768x1070.jpg 768w, https:\/\/www.pulvanocnibeh.cz\/wp-content\/uploads\/2025\/01\/5_IMG_6998-1103x1536.jpg 1103w, https:\/\/www.pulvanocnibeh.cz\/wp-content\/uploads\/2025\/01\/5_IMG_6998.jpg 1141w\" sizes=\"auto, (max-width: 735px) 100vw, 735px\" \/><figcaption class=\"wp-element-caption\">Screenshot<\/figcaption><\/figure>\n\n\n\n<figure class=\"wp-block-image size-large\"><img loading=\"lazy\" decoding=\"async\" width=\"768\" height=\"1024\" data-id=\"112\" src=\"https:\/\/www.pulvanocnibeh.cz\/wp-content\/uploads\/2025\/01\/7_448205577_769900685295645_7452418723119890895_n-768x1024.jpg\" alt=\"\" class=\"wp-image-112\" srcset=\"https:\/\/www.pulvanocnibeh.cz\/wp-content\/uploads\/2025\/01\/7_448205577_769900685295645_7452418723119890895_n-768x1024.jpg 768w, https:\/\/www.pulvanocnibeh.cz\/wp-content\/uploads\/2025\/01\/7_448205577_769900685295645_7452418723119890895_n-225x300.jpg 225w, https:\/\/www.pulvanocnibeh.cz\/wp-content\/uploads\/2025\/01\/7_448205577_769900685295645_7452418723119890895_n.jpg 1080w\" sizes=\"auto, (max-width: 768px) 100vw, 768px\" \/><\/figure>\n\n\n\n<figure class=\"wp-block-image size-large\"><img loading=\"lazy\" decoding=\"async\" width=\"671\" height=\"1024\" data-id=\"117\" src=\"https:\/\/www.pulvanocnibeh.cz\/wp-content\/uploads\/2025\/01\/Borati_Policie-671x1024.jpg\" alt=\"\" class=\"wp-image-117\" srcset=\"https:\/\/www.pulvanocnibeh.cz\/wp-content\/uploads\/2025\/01\/Borati_Policie-671x1024.jpg 671w, https:\/\/www.pulvanocnibeh.cz\/wp-content\/uploads\/2025\/01\/Borati_Policie-197x300.jpg 197w, https:\/\/www.pulvanocnibeh.cz\/wp-content\/uploads\/2025\/01\/Borati_Policie.jpg 743w\" sizes=\"auto, (max-width: 671px) 100vw, 671px\" \/><figcaption class=\"wp-element-caption\">Screenshot<\/figcaption><\/figure>\n<\/figure>\n\n\n\n<h2 class=\"wp-block-heading\"><strong>P\u0159\u00edjemci v\u00fdt\u011b\u017eku z akce 2024<\/strong><\/h2>\n\n\n\n<p>V\u00edt\u011b\u017eek z akce p\u0159ipadl dv\u011bma charitativn\u00edm organizac\u00edm.<\/p>\n\n\n\n<p><strong>PINOKIO <\/strong><\/p>\n\n\n\n<figure class=\"wp-block-image size-full\"><img loading=\"lazy\" decoding=\"async\" width=\"676\" height=\"520\" src=\"https:\/\/www.pulvanocnibeh.cz\/wp-content\/uploads\/2024\/05\/image.png\" alt=\"\" class=\"wp-image-36\" srcset=\"https:\/\/www.pulvanocnibeh.cz\/wp-content\/uploads\/2024\/05\/image.png 676w, https:\/\/www.pulvanocnibeh.cz\/wp-content\/uploads\/2024\/05\/image-300x231.png 300w\" sizes=\"auto, (max-width: 676px) 100vw, 676px\" \/><\/figure>\n\n\n\n<p><a href=\"http:\/\/www.sdruzenipinokio.cz\/\" data-type=\"link\" data-id=\"http:\/\/www.sdruzenipinokio.cz\/\">http:\/\/www.sdruzenipinokio.cz\/<\/a><\/p>\n\n\n\n<p><strong>Spole\u010dnost pro ranou p\u00e9\u010di Olomouc<\/strong><\/p>\n\n\n\n<figure class=\"wp-block-image size-full\"><img loading=\"lazy\" decoding=\"async\" width=\"916\" height=\"526\" src=\"https:\/\/www.pulvanocnibeh.cz\/wp-content\/uploads\/2024\/05\/image-1.png\" alt=\"\" class=\"wp-image-37\" srcset=\"https:\/\/www.pulvanocnibeh.cz\/wp-content\/uploads\/2024\/05\/image-1.png 916w, https:\/\/www.pulvanocnibeh.cz\/wp-content\/uploads\/2024\/05\/image-1-300x172.png 300w, https:\/\/www.pulvanocnibeh.cz\/wp-content\/uploads\/2024\/05\/image-1-768x441.png 768w\" sizes=\"auto, (max-width: 916px) 100vw, 916px\" \/><\/figure>\n\n\n\n<p><a href=\"https:\/\/www.ranapece.cz\/olomouc2\">https:\/\/www.ranapece.cz\/olomouc2<\/a><\/p>\n\n\n\n<p>Vy\u00fa\u010dtov\u00e1n\u00ed akce<\/p>\n\n\n\n<figure class=\"wp-block-image size-large\"><img loading=\"lazy\" decoding=\"async\" width=\"724\" height=\"1024\" src=\"https:\/\/www.pulvanocnibeh.cz\/wp-content\/uploads\/2025\/01\/Vyuctovani_2024-724x1024.jpg\" alt=\"\" class=\"wp-image-110\" srcset=\"https:\/\/www.pulvanocnibeh.cz\/wp-content\/uploads\/2025\/01\/Vyuctovani_2024-724x1024.jpg 724w, https:\/\/www.pulvanocnibeh.cz\/wp-content\/uploads\/2025\/01\/Vyuctovani_2024-212x300.jpg 212w, https:\/\/www.pulvanocnibeh.cz\/wp-content\/uploads\/2025\/01\/Vyuctovani_2024-768x1086.jpg 768w, https:\/\/www.pulvanocnibeh.cz\/wp-content\/uploads\/2025\/01\/Vyuctovani_2024-1086x1536.jpg 1086w, https:\/\/www.pulvanocnibeh.cz\/wp-content\/uploads\/2025\/01\/Vyuctovani_2024-1448x2048.jpg 1448w, https:\/\/www.pulvanocnibeh.cz\/wp-content\/uploads\/2025\/01\/Vyuctovani_2024.jpg 1512w\" sizes=\"auto, (max-width: 724px) 100vw, 724px\" \/><\/figure>\n","protected":false},"excerpt":{"rendered":"<p>D\u011bkujeme v\u0161em s dobr\u00fdm srdcem, kte\u0159\u00ed se s n\u00e1mi \u00fa\u010dastnili dal\u0161\u00edho ro\u010dn\u00edku t\u00e9to charitativn\u011b- recesistick\u00e9 akce a p\u0159isp\u011bli tak na dobrou v\u011bc. V\u00fdsledky 2024 P\u0159esto\u017ee bylo obt\u00ed\u017en\u00e9 nav\u00e1zat na tradici po tak dlouh\u00e9 p\u0159est\u00e1vce a na\u0161e o\u010dek\u00e1v\u00e1n\u00ed byly pon\u011bkud vy\u0161\u0161\u00ed, poda\u0159ilo se n\u00e1m p\u0159ekro\u010dit magickou hranici a rozd\u011blit v\u00edce ne\u017e 100 000 K\u010d. Z\u00e1vodn\u00edk\u016f \u00da\u010dastn\u00edk\u016f [&hellip;]<\/p>\n","protected":false},"author":1,"featured_media":0,"parent":2,"menu_order":0,"comment_status":"closed","ping_status":"closed","template":"","meta":{"footnotes":""},"class_list":["post-26","page","type-page","status-publish","hentry"],"_links":{"self":[{"href":"https:\/\/www.pulvanocnibeh.cz\/index.php?rest_route=\/wp\/v2\/pages\/26","targetHints":{"allow":["GET"]}}],"collection":[{"href":"https:\/\/www.pulvanocnibeh.cz\/index.php?rest_route=\/wp\/v2\/pages"}],"about":[{"href":"https:\/\/www.pulvanocnibeh.cz\/index.php?rest_route=\/wp\/v2\/types\/page"}],"author":[{"embeddable":true,"href":"https:\/\/www.pulvanocnibeh.cz\/index.php?rest_route=\/wp\/v2\/users\/1"}],"replies":[{"embeddable":true,"href":"https:\/\/www.pulvanocnibeh.cz\/index.php?rest_route=%2Fwp%2Fv2%2Fcomments&post=26"}],"version-history":[{"count":14,"href":"https:\/\/www.pulvanocnibeh.cz\/index.php?rest_route=\/wp\/v2\/pages\/26\/revisions"}],"predecessor-version":[{"id":118,"href":"https:\/\/www.pulvanocnibeh.cz\/index.php?rest_route=\/wp\/v2\/pages\/26\/revisions\/118"}],"up":[{"embeddable":true,"href":"https:\/\/www.pulvanocnibeh.cz\/index.php?rest_route=\/wp\/v2\/pages\/2"}],"wp:attachment":[{"href":"https:\/\/www.pulvanocnibeh.cz\/index.php?rest_route=%2Fwp%2Fv2%2Fmedia&parent=26"}],"curies":[{"name":"wp","href":"https:\/\/api.w.org\/{rel}","templated":true}]}}